{"id":382,"date":"2020-11-23T14:08:38","date_gmt":"2020-11-23T13:08:38","guid":{"rendered":"https:\/\/babelair.be\/?page_id=382"},"modified":"2023-11-29T09:57:07","modified_gmt":"2023-11-29T08:57:07","slug":"carte-interactive-2","status":"publish","type":"page","link":"https:\/\/babelair.be\/?page_id=382","title":{"rendered":"Carte interactive"},"content":{"rendered":"\n<p>Ci-dessous, la carte interactive des r\u00e9sultats. Cliquez sur une ic\u00f4ne et obtenez la qualit\u00e9 de l&rsquo;air \u00e0 cet endroit. Pour une valeur exacte en direct, consultez les informations du 2\u00e8me cadre, les donn\u00e9es d&rsquo;IRCeline<\/p>\n\n\n\n<p class=\"has-vivid-red-color has-text-color has-link-color wp-elements-73506c51ef15cb395d8a054a1df9c370\"><em>Les mesures \u00a0se basent sur la \u00a0pr\u00e9sence et la quantit\u00e9 d\u2019un bioindicateur\u00a0 (\u00e0 savoir, des levures unicellulaires\u00a0sensibles aux polluants atmosph\u00e9riques, qui se d\u00e9veloppent sur des feuilles d\u2019arbres ). Ce projet a avant tout une vis\u00e9e p\u00e9dagogique et les r\u00e9sultats sont des \u00a0donn\u00e9es ponctuelles \u00e0 remettre en perspectives avec d\u2019autres types de donn\u00e9es . Ces mesures ne se substituent pas aux donn\u00e9es des instituts scientifiques. Nous vous invitons \u00e0 comparer ces r\u00e9sultats avec les donn\u00e9es des plateformes officielles d\u2019observation de la qualit\u00e9 de l\u2019air.<\/em><\/p>\n\n\n\n<h2 class=\"wp-block-heading has-text-color\" style=\"color:#5d336d\"><span style=\"background-color:rgba(0, 0, 0, 0);color:#5d336d\" class=\"has-inline-color\"><strong>Carte interactive<\/strong> :<\/span><\/h2>\n\n\n\n<figure class=\"wp-block-image size-large is-resized\"><img loading=\"lazy\" decoding=\"async\" width=\"1024\" height=\"282\" src=\"https:\/\/babelair.be\/wp-content\/uploads\/2023\/11\/echelle-1024x282.jpg\" alt=\"\" class=\"wp-image-1087\" style=\"width:652px;height:auto\" srcset=\"https:\/\/babelair.be\/wp-content\/uploads\/2023\/11\/echelle-1024x282.jpg 1024w, https:\/\/babelair.be\/wp-content\/uploads\/2023\/11\/echelle-300x82.jpg 300w, https:\/\/babelair.be\/wp-content\/uploads\/2023\/11\/echelle-768x211.jpg 768w, https:\/\/babelair.be\/wp-content\/uploads\/2023\/11\/echelle-1536x422.jpg 1536w, https:\/\/babelair.be\/wp-content\/uploads\/2023\/11\/echelle-2048x563.jpg 2048w\" sizes=\"auto, (max-width: 767px) 89vw, (max-width: 1000px) 54vw, (max-width: 1071px) 543px, 580px\" \/><\/figure>\n\n\n<style type=\"text\/css\" id=\"umsMapStyles_1_35014\">\r\n    #ultimate_maps_1_35014 {\r\n        width: 100%;\r\n        height: 500px;\r\n                border: 0px solid ;\r\n        margin: 0px;\r\n    }\r\n    #mapsControlsNum_1_35014 {\r\n        width:100%    }\r\n    .umsMapDetailsContainer#umsMapDetailsContainer_1_35014 {\r\n        height:500px;\r\n    }\r\n    .ums_MapPreview#ultimate_maps_1_35014 {\r\n        \/*position:absolute;*\/\r\n        width:100%;\r\n    }\r\n    #mapConElem_1_35014{\r\n        width:100%    }\r\n    <\/style><div class=\"ums_map_opts\" id=\"mapConElem_1_35014\" data-id=\"1\" data-view-id=\"1_35014\" > <div class=\"umsMapDetailsContainer\" id=\"umsMapDetailsContainer_1_35014\"> <i class=\"umsKMLLayersPreloader fa fa-spinner fa-spin\" aria-hidden=\"true\" style=\"display: none;\"><\/i> <div class=\"ums_MapPreview \" id=\"ultimate_maps_1_35014\"><\/div> <\/div> <div class=\"umsMapMarkerFilters\" id=\"umsMapMarkerFilters_1_35014\"> <\/div> <div class=\"umsMapProControlsCon\" id=\"umsMapProControlsCon_1_35014\"> <a title=\"WordPress Google Maps Plugin\" style=\"display:none;\" href=\"https:\/\/supsystic.com\/plugins\/google-maps-plugin\/?utm_medium=love_link_hide\" target=\"_blank\">WordPress Google Maps Plugin<\/a><div style=\"clear: both;\"><\/div> <\/div> <div class=\"umsMapProDirectionsCon\" id=\"umsMapProDirectionsCon_1_35014\" > <\/div> <div class=\"umsMapProKmlFilterCon\" id=\"umsMapProKmlFilterCon_1_35014\" > <\/div> <div class=\"umsSocialSharingShell umsSocialSharingShell_1_35014\"> <\/div> <div style=\"clear: both;\"><\/div> <\/div>\n\n\n\n<h2 class=\"wp-block-heading\"><strong><span style=\"color:#5d336d\" class=\"has-inline-color\">Donn\u00e9es d&rsquo;IRCeline, en direct<\/span><\/strong> :<\/h2>\n\n\n\n<iframe loading=\"lazy\" src=\"https:\/\/www.irceline.be\/fr\" scrolling=\"yes\" width=\"750px\" height=\"300px\" frameborder=\"1\" align=\"center\"> <\/iframe>\n","protected":false},"excerpt":{"rendered":"<p>Ci-dessous, la carte interactive des r\u00e9sultats. Cliquez sur une ic\u00f4ne et obtenez la qualit\u00e9 de l&rsquo;air \u00e0 cet endroit. Pour une valeur exacte en direct, consultez les informations du 2\u00e8me cadre, les donn\u00e9es d&rsquo;IRCeline Les mesures \u00a0se basent sur la \u00a0pr\u00e9sence et la quantit\u00e9 d\u2019un bioindicateur\u00a0 (\u00e0 savoir, des levures unicellulaires\u00a0sensibles aux polluants atmosph\u00e9riques, qui &hellip; <\/p>\n<p class=\"link-more\"><a href=\"https:\/\/babelair.be\/?page_id=382\" class=\"more-link\">Continuer la lecture<span class=\"screen-reader-text\"> de &laquo;&nbsp;Carte interactive&nbsp;&raquo;<\/span><\/a><\/p>\n","protected":false},"author":1,"featured_media":0,"parent":0,"menu_order":0,"comment_status":"closed","ping_status":"closed","template":"","meta":{"footnotes":""},"class_list":["post-382","page","type-page","status-publish","hentry"],"_links":{"self":[{"href":"https:\/\/babelair.be\/index.php?rest_route=\/wp\/v2\/pages\/382","targetHints":{"allow":["GET"]}}],"collection":[{"href":"https:\/\/babelair.be\/index.php?rest_route=\/wp\/v2\/pages"}],"about":[{"href":"https:\/\/babelair.be\/index.php?rest_route=\/wp\/v2\/types\/page"}],"author":[{"embeddable":true,"href":"https:\/\/babelair.be\/index.php?rest_route=\/wp\/v2\/users\/1"}],"replies":[{"embeddable":true,"href":"https:\/\/babelair.be\/index.php?rest_route=%2Fwp%2Fv2%2Fcomments&post=382"}],"version-history":[{"count":8,"href":"https:\/\/babelair.be\/index.php?rest_route=\/wp\/v2\/pages\/382\/revisions"}],"predecessor-version":[{"id":1096,"href":"https:\/\/babelair.be\/index.php?rest_route=\/wp\/v2\/pages\/382\/revisions\/1096"}],"wp:attachment":[{"href":"https:\/\/babelair.be\/index.php?rest_route=%2Fwp%2Fv2%2Fmedia&parent=382"}],"curies":[{"name":"wp","href":"https:\/\/api.w.org\/{rel}","templated":true}]}}